atest common factor of 37 and 62567?
37
What is the greatest common factor of 7848 and 32?
8
Calculate the greatest common divisor of 6123 and 39.
39
What is the greatest common factor of 5281 and 1?
1
What is the greatest common factor of 25 and 825?
25
What is the greatest common divisor of 92 and 3404?
92
What is the highest common divisor of 318 and 18?
6
What is the greatest common divisor of 26 and 2782?
26
What is the greatest common factor of 1863 and 345?
69
What is the highest common factor of 65 and 195?
65
What is the greatest common divisor of 20900 and 20?
20
What is the greatest common factor of 1624 and 1512?
56
Calculate the highest common divisor of 32 and 216.
8
Calculate the greatest common divisor of 270 and 3042.
18
What is the highest common divisor of 43 and 1075?
43
What is the highest common factor of 958 and 4?
2
What is the greatest common factor of 16725 and 150?
75
Calculate the greatest common factor of 48 and 160.
16
Calculate the highest common divisor of 30 and 1320.
30
What is the greatest common divisor of 39 and 9?
3
What is the highest common factor of 31 and 93?
31
What is the greatest common factor of 30257 and 316?
79
What is the highest common divisor of 364 and 28?
28
Calculate the highest common factor of 490 and 98.
98
Calculate the highest common divisor of 1410 and 75.
15
Calculate the highest common divisor of 455 and 5.
5
Calculate the greatest common divisor of 387 and 477.
9
What is the greatest common divisor of 68 and 17?
17
What is the highest common factor of 15 and 300?
15
What is the greatest common factor of 5440 and 68?
68
Calculate the greatest common factor of 323 and 17.
17
What is the greatest common factor of 3354 and 858?
78
What is the highest common divisor of 247 and 38?
19
Calculate the greatest common factor of 6345 and 47.
47
Calculate the greatest common divisor of 9 and 477.
9
Calculate the greatest common factor of 84 and 105.
21
What is the highest common factor of 170 and 2975?
85
Calculate the highest common divisor of 112 and 96.
16
Calculate the highest common divisor of 201 and 1072.
67
Calculate the greatest common factor of 4353 and 3.
3
What is the highest common factor of 2 and 6434?
2
Calculate the greatest common divisor of 1204 and 21.
7
What is the greatest common factor of 76 and 77596?
76
Calculate the greatest common factor of 147 and 49.
49
What is the greatest common factor of 248 and 1744?
8
Calculate the greatest common factor of 582 and 97.
97
Calculate the highest common factor of 8968 and 16.
8
What is the highest common factor of 143 and 208?
13
Calculate the greatest common factor of 667 and 116.
29
What is the highest common divisor of 12 and 7782?
6
What is the highest common factor of 192 and 36?
12
Calculate the greatest common factor of 10150 and 56.
14
Calculate the highest common factor of 340 and 3145.
85
Calculate the greatest common factor of 2130 and 70.
10
Calculate the greatest common divisor of 803 and 1387.
73
Calculate the highest common factor of 90 and 225.
45
Calculate the greatest common divisor of 6300 and 20.
20
Calculate the highest common factor of 319 and 203.
29
What is the highest common divisor of 23 and 621?
23
Calculate the highest common factor of 60 and 135.
15
What is the highest common factor of 50 and 2350?
50
Calculate the greatest common factor of 27 and 6453.
27
Calculate the greatest common divisor of 2250 and 558.
18
Calculate the highest common divisor of 210 and 45.
15
Calculate the greatest common factor of 86 and 43.
43
Calculate the highest common factor of 5 and 35.
5
Calculate the greatest common divisor of 620 and 32.
4
What is the highest common divisor of 44 and 143?
11
Calculate the highest common factor of 624 and 144.
48
What is the highest common divisor of 30 and 530?
10
Calculate the highest common divisor of 2336 and 73.
73
Calculate the highest common divisor of 10 and 465.
5
Calculate the greatest common divisor of 12 and 1224.
12
Calculate the greatest common factor of 12 and 5046.
6
What is the highest common divisor of 49 and 133?
7
Calculate the greatest common factor of 45033 and 51.
51
What is the highest common factor of 270 and 459?
27
What is the highest common divisor of 480 and 528?
48
Calculate the greatest common factor of 4131 and 153.
153
Calculate the greatest common divisor of 4123 and 2527.
133
What is the highest common factor of 71 and 71?
71
Calculate the highest common factor of 76 and 494.
38
Calculate the highest common factor of 24 and 132.
12
What is the highest common divisor of 1780 and 20?
20
Calculate the highest common factor of 33 and 21.
3
What is the highest common factor of 105 and 273?
21
Calculate the highest common factor of 357 and 28.
7
Calculate the highest common factor of 90 and 252.
18
What is the greatest common divisor of 255 and 75?
15
Calculate the highest common factor of 495 and 207.
9
Calculate the greatest common factor of 7188 and 12.
12
Calculate the highest common divisor of 861 and 189.
21
Calculate the greatest common factor of 292 and 219.
73
What is the highest common factor of 1125 and 36?
9
Calculate the highest common factor of 28 and 60.
4
What is the greatest common factor of 8704 and 34?
34
What is the greatest common factor of 114 and 10982?
38
What is the highest common divisor of 86 and 43?
43
What is the greatest common factor of 3190 and 330?
110
What is the greatest common factor of 918 and 594?
54
What is the highest common divisor of 168 and 112?
56
What is the greatest common factor of 42 and 9261?
21
Calculate the highest common divisor of 2940 and 60.
60
Calculate the highest common divisor of 7467 and 262.
131
Calculate the highest common divisor of 31 and 1519.
31
Calculate the greatest common divisor of 48 and 1458.
6
Calculate the greatest common divisor of 8919 and 9.
9
What is the greatest common factor of 5933 and 17?
17
Calculate the greatest common factor of 1911 and 147.
147
Calculate the highest common factor of 315 and 280.
35
Calculate the greatest common factor of 2 and 334.
2
Calculate the greatest common divisor of 92 and 1035.
23
What is the greatest common divisor of 168 and 154?
14
What is the highest common factor of 1044 and 126?
18
Calculate the highest common divisor of 89 and 8455.
89
What is the greatest common divisor of 69 and 23?
23
Calculate the highest common factor of 20 and 12.
4
Calculate the highest common factor of 1875 and 975.
75
Calculate the greatest common divisor of 81 and 2187.
81
Calculate the greatest common divisor of 20091 and 222.
111
Calculate the highest common factor of 167 and 2338.
167
Calculate the greatest common factor of 756 and 1484.
28
What is the greatest common divisor of 832 and 52?
52
What is the highest common divisor of 64 and 1588?
4
Calculate the highest common divisor of 32 and 600.
8
Calculate the highest common divisor of 43620 and 60.
60
Calculate the greatest common divisor of 15 and 23505.
15
What is the highest common factor of 8217 and 297?
99
Calculate the greatest common factor of 203 and 87.
29
Calculate the greatest common divisor of 78 and 27638.
26
Calculate the greatest common factor of 1333 and 62.
31
Calculate the highest common factor of 18 and 1728.
18
What is the greatest common divisor of 105 and 795?
15
Calculate the greatest common factor of 48 and 552.
24
Calculate the highest common factor of 7 and 4396.
7
What is the greatest common factor of 96 and 1800?
24
Calculate the highest common divisor of 48 and 344.
8
What is the greatest common divisor of 9746 and 22?
22
What is the greatest common divisor of 76 and 19?
19
Calculate the highest common factor of 855 and 30.
15
What is the highest common factor of 903 and 21?
21
Calculate the highest common divisor of 180 and 460.
20
Calculate the highest common divisor of 110 and 15070.
110
What is the highest common factor of 1496 and 8?
8
What is the highest common factor of 21 and 16842?
21
Calculate the greatest common divisor of 55 and 253.
11
What is the highest common divisor of 56 and 938?
14
What is the greatest common divisor of 20 and 460?
20
What is the greatest common factor of 33 and 847?
11
What is the highest common divisor of 938 and 140?
14
Calculate the gr